 ((-10)/(-15) + -1). Suppose -2*v + 6*v = m - z, -10 = v - 3*m. Let u(x) = 25*x**3 - x**2. Determine u(v).
-26
Let w(c) be the third derivative of -1/120*c**6 + 1/4*c**4 + 22 + 1/12*c**5 - c**3 + 2*c**2 + 0*c. What is w(6)?
-6
Let k(w) = -11*w**3 + 30*w**2 + 23*w + 4. Let l(i) = 13*i**3 - 34*i**2 - 24*i - 1. Let g(v) = -7*k(v) - 6*l(v). Give g(-7).
146
Let w be (30/12)/((-5)/(-4)). Let t(f) be the second derivative of 2*f**3/3 - 3*f**2/2 - 70*f. Give t(w).
5
Let s(r) = -r**3 - 12*r**2 - 8*r + 16. Suppose 2*z - 13 + 11 = 0, -4*w - 4*z - 40 = 0. Determine s(w).
-17
Let k(i) = 8*i**2 + 35*i - 133. Let z(g) = -g**2 - 5*g + 19. Let q(m) = 2*k(m) + 15*z(m). Give q(10).
69
Suppose -3*n + 38 = 35. Let p(u) = -2*u**2 + u - 1. Let q(d) = -3*d**2 + d - 6. Let r(m) = n*q(m) - 2*p(m). Calculate r(3).
2
Let g be -6 + 4 + -1 + 5. Let u(l) = 13*l + 0*l**g - 1 - 9*l + l**2. Let z be u(-5). Let a(o) = o**2 + o. Give a(z).
20
Suppose 296 = 30*u + 73 - 107. Let v(q) = -3*q - 17. Determine v(u).
-50
Suppose -2*b = 2*b + 5*n + 14, -6 = 3*n. Let o = 2 + b. Let d(i) be the first derivative of 5*i**3/3 - i**2 + i - 91365. Determine d(o).
4
Let m(q) = -10*q**2 - 46*q + 172. Let d be m(-7). Let b(h) be the second derivative of -3*h**2 + 1/6*h**3 + 1/2*h**d - 1/20*h**5 + 0 - 19*h. What is b(6)?
0
Let s(m) = -m**2 - 17*m + 34. Suppose -2*i = -v + 34, 4*i - 2*v = -v - 62. What is s(i)?
76
Let y(o) = -5*o - 4. Let a = -63 + 59. Let w(m) = 4*m + 3. Let x(c) = a*w(c) - 3*y(c). Suppose 5 = 3*g - 10. Calculate x(g).
-5
Let g be -166 + 1 + 26 + -29. Let b = g - -236. Let n(v) = -38 - 31 + b + 22*v**2. Calculate n(-1).
21
Suppose -93*g + 96*g + 4*s - 38 = 0, 32 = 2*g + 4*s. Let z(t) = t**2 + 4*t - 3. Give z(g).
57
Suppose -11*k = 111 + 516. Let m = k - -54. Let v(w) = w**2 - 5. Calculate v(m).
4
Let d(v) = v**2 + 36*v + 10. Suppose -2*z + 2*k - 78 = 0, 0*z - 93 = 3*z + 5*k. Determine d(z).
10
Let w be 4/(4/(-5)) + 1. Let m = w + 2. Let q(x) be the third derivative of x**6/60 + x**5/60 + x**4/8 + x**3/2 + 1061*x**2. Determine q(m).
-15
Let m(t) be the third derivative of -t**6/120 - t**5/10 - t**4/8 + t**3/6 - 1824*t**2 + 2. What is m(-6)?
19
Let j(u) = -u**2 - 9*u - 8. Suppose -3*s + 9 = -5*q - 11, 3*q = -4*s - 12. Suppose 0*k + 3*k - 6 = s, w - 5*k - 2 = 0. Let i be 8 - w - (-9)/(-3). What is j(i)?
6
Let d = 10 - 7. Let s be 72/(-132)*(-3 - 8). Let u(z) = 1 + 3 - 14 + 10*z - 7*z + s. What is u(d)?
5
Suppose -4*l = -5*g - 33, 6*l - 3*l + 4*g = -14. Let a be (5/l - 1) + 5/10. Let y(d) = -3*d + 2 - 4*d - a*d**2 + 11*d. Calculate y(4).
-14
Let d(r) = -r + 3. Let j = -277 + 253. Let c be 1/(1 + (-9)/j*-2). Determine d(c).
-1
Let w be -2 - (-12)/(-6 + 8). Suppose -3*g + 28 = -w*z, -3*z - 20 = 2*z. Let h(b) = b**2 - 3*b - 4. Determine h(g).
0
Suppose -2*s - 18 = -4*v, -4*v + 0*s = -3*s - 23. Let z(x) = 23*x + 184. Let h(g) = -63*g - 521. Let i(j) = 6*h(j) + 17*z(j). Calculate i(v).
28
Let d(a) = 79*a**2 + 31*a - 206. Let l(h) = -119*h**2 - 32*h + 207. Let g(v) = -3*d(v) - 2*l(v). Determine g(12).
0
Let j(q) = 38*q + 143. Let p(w) = -7*w - 24. Let l(y) = 4*j(y) + 23*p(y). Calculate l(2).
2
Let t(s) = -s**2 + 3*s + 5. Let k(b) = -23*b + 172. Let p be k(6). Suppose 2*f - p = -22. Calculate t(f).
-13
Suppose -1562*c = -1591*c + 58. Let l(h) be the first derivative of 3*h - 3/2*h**c + 16. Calculate l(-3).
12
Suppose -24*r + 222 = 54. Let y(a) = -9*a + 26*a - 6*a - r - 10*a + 0*a. Give y(0).
-7
Let f be 0*2*(-1)/2. Let g(h) = 2 + 9 + h + f*h. Let u(c) = -c**3 + 6*c**2 + 128*c - 779. Let m be u(6). What is g(m)?
0
Let h be -4 - 192/(-56) - (-474)/21. Suppose 2*y + 5*j - 6*j + h = 0, 4*j - 43 = 3*y. Let q(u) = -u - 5. What is q(y)?
4
Suppose 17*s - 22*s = 40. Let p = 12 + -10. Let v(t) = 6*t + 6*t - 2 - t**p - 20*t - 3. Determine v(s).
-5
Let f(s) = 7*s + 11. Let y(g) = -5 + 4*g - g - 6*g. Let r(d) = d**3 + 2*d**2 + 3*d + 4. Let q be r(-2). Let j(u) = q*f(u) - 5*y(u). What is j(0)?
3
Let r(l) = 5*l**2 - 2*l - 4. Let u(c) = -37*c - 1631. Let m be u(-44). Calculate r(m).
47
Let b(a) = 2*a + 12. Let k be (294/(-637))/(4/(-26)). Calculate b(k).
18
Let i(m) = -m**2 + 16*m - 2. Let a(j) = 537*j - 4279. Let v be a(8). Calculate i(v).
-19
Let b(x) be the third derivative of 0 + 7*x**2 + 1/24*x**4 + 0*x**5 + 0*x**3 + 0*x - 1/144*x**6. Let t(q) be the second derivative of b(q). Calculate t(-1).
5
Suppose -5*y - 11 = -4*y - 2*r, 0 = -r. Let f be ((-4)/y)/((-54)/(-297)). Let n(w) = -7*w**f + w**2 - 1 - 11*w + w**3 + 6*w + 9*w. Give n(5).
-6
Suppose -4*j - m = -26, -3*m + 66 = -2*j + 100. Let c(b) be the second derivative of b**4/12 - b**3 - 17*b**2/2 - 5*b. Determine c(j).
-1
Suppose -14*d + 22 = -25*d. Let u(k) = -3*k**2 + 3. Let b(o) = -o**2 + o. Let s(q) = d*b(q) + u(q). Calculate s(3).
-12
Suppose -36 - 17 = -4*v + 5*i, 2*v - 19 = i. Let q(y) = -5128*y - 5125*y + 10252*y + 3. What is q(v)?
-4
Let n(a) = -3*a**2 - 50*a + 24. Let c be n(-17). Suppose 0 = -2*m - c*m - 9. Let p(t) = t**3 + t + 1. Determine p(m).
-1
Suppose 4*b = 2*b - 12. Let c(q) = -43*q - 56. Let k(x) = -14*x + 11 + 44*x - 22*x. Let r(l) = 2*c(l) + 11*k(l). What is r(b)?
-3
Let y(a) = -a + 9. Suppose 3*z - 44 = -p - 31, -2*z + 4*p = 10. Let i be y(z). Let b(r) = -r**3 + 4*r**2 + 14*r - 8. Calculate b(i).
4
Let c(h) = 65*h + 7. Let n be -1 + (-3)/(-2) - 173/346. What is c(n)?
7
Let b(u) = -u**3 - 11*u**2 - 9*u + 19. Let q(k) = -74*k**2 - 1183*k + 6. Let w be q(-16). Give b(w).
9
Let d(a) = -4*a + 3. Let i be d(2). Let u(f) = -16007*f**2 + 3 - 15998*f**2 + 32004*f**2 + 13. What is u(i)?
-9
Let p(o) = -6*o + 79. Let g be (-43)/(-3) + -1*(-14)/21. Give p(g).
-11
Suppose 0 = -4*i + 3*x - 7*x - 12, 3*x = 5*i + 7. Let m(p) = -4*p**2 - 6*p - 5. Let k(z) = -z**2 - 2*z - 1. Let y(v) = i*k(v) + m(v). What is y(-2)?
-7
Suppose 0 = 3*f - z + 31, 0 = -5*f - 2*z - 43 + 6. Let v(n) = 1443 + 1449 - 4336 + n + 0*n + 1443. What is v(f)?
-10
Let z(v) be the first derivative of 26*v**3/3 - v**2/2 + 746. Let i(o) = 10*o - 9. Let h be i(1). Give z(h).
25
Let g(d) = 25*d**3 - 5 - 1 - 26*d**3 - 7*d + 3 - 6*d**2. Suppose 0 = 5*s - s + 16. Let r be (-10)/(-3)*6/s. Give g(r).
7
Let g(j) be the first derivative of -37*j**2/2 - 563*j + 13880. Give g(-15).
-8
Let m(l) = l**2 + l + 3. Suppose -2524 = -13*p + 1298. Let x = p - 297. What is m(x)?
9
Let m(u) be the third derivative of -u**6/120 - u**5/15 + u**4/8 + u**3/6 - 3*u**2. Let o(d) = -15*d - 798. Let b be o(-53). Calculate m(b).
-17
Let u(o) be the second derivative of -o**5/20 + 11*o**4/12 - 2*o. Let f(p) = 126*p - 75. Let c be f(5). Let k = -544 + c. What is u(k)?
0
Let i(z) = z**2 + 15500 - 16*z - 7749 - 7745. Give i(15).
-9
Let o(l) = -4*l - 20. Let y(s) = 5*s + 21. Let t(k) = 3*o(k) + 4*y(k). What is t(-6)?
-24
Let p(h) = -955 - 912 - 7*h + 2*h - 872 + 2617. Determine p(-23).
-7
Let i(p) be the third derivative of -p**6/24 + p**4/24 + 2*p**3/3 - 2*p**2 + 626. Determine i(-2).
42
Let j(p) = -4 + 5 + 7*p**2 - 2*p - 4 - 2*p - 11*p**2. Determine j(-4).
-51
Let q = -2529 - -2516. Let p(j) = -7*j**2 - 92*j - 11. Give p(q).
2
Suppose 0 = -3*x + 94 - 85. Suppose 4*m = -2*r + 16, 0 = x*m - 11*r + 8*r - 3. Let s(b) = 3*b**2 - 5*b + 4. Calculate s(m).
16
Let d(p) be the first derivative of -5 - 8*p - 2*p**2 + 1/3*p**3. Let g be 3 + (-7)/(-2) + 2/(-4). Calculate d(g).
4
Let d(w) be the third derivative of w**7/5040 - w**6/360 - 3*w**5/4 - w**2. Let v(j) be the third derivative of d(j). What is v(1)?
-1
Let u(i) = -4*i + 1. Let t be -4 + -1 - (5 - 71). Let n = t + -47. Suppose 8*q - n = q. Determine u(q).
-7
Let v be (15/(-5))/(3/(-6) + -1). Let b(h) = 889 + 2*h**2 - h**3 - 4*h**2 + 4*h + 0*h**v - 886. What is b(-3)?
0
Let g(z) = -1 - 463*z + 10 + 462*z. Let m be g(4). Suppose -m*n - 3 = 22. Let o(s) = -s - 3. Determine o(n).
2
Let n(h) = -h**3 + 48*h**2 - h + 36. Let y = -7764 - -7812. Calculate n(y).
-12
Suppose -130*m = -133*m - 15. Let i(f) = 8 + 6 + 4 + 2*f**2 - 29 + 8*f. Give i(m).
-1
Suppose -4*i + 308 = -26*i. Let q(a) = 12*a + 170. Let p be q(i). Let l(k) = -k**2 + 3*k + 3. Calculate l(p).
5
Let k(a) = -1 - 704*a**3 - a - a - 698*a**3 + 2*a**2 + 1403*a**3. What is k(0)?
-1
Let x(b) be the second derivative of 13*b**4/12 + 13*b**3/6 + b**2 + b + 296. Calculate x(-1).
2
Let u(i) = 7*i**3 - 3*i**2 - 15*i - 1.